en 47615447 is divided by 2810?
2807
Calculate the remainder when 141540 is divided by 11773.
264
Calculate the remainder when 991421 is divided by 13581.
8
Calculate the remainder when 95903268 is divided by 7.
6
What is the remainder when 59817 is divided by 1628?
1209
What is the remainder when 239732 is divided by 521?
72
Calculate the remainder when 547215 is divided by 1309.
53
Calculate the remainder when 323371641 is divided by 15.
6
What is the remainder when 666469 is divided by 1587?
1516
Calculate the remainder when 10401112 is divided by 1300130.
72
Calculate the remainder when 2672899 is divided by 7770.
19
What is the remainder when 19287640 is divided by 6429207?
19
What is the remainder when 4911 is divided by 4510?
401
What is the remainder when 517223 is divided by 5810?
133
What is the remainder when 38776 is divided by 23?
21
Calculate the remainder when 794518483 is divided by 46.
43
What is the remainder when 240907 is divided by 10468?
143
What is the remainder when 13032 is divided by 6199?
634
What is the remainder when 202675 is divided by 889?
872
What is the remainder when 4489319 is divided by 3760?
3639
Calculate the remainder when 61918330 is divided by 240.
10
Calculate the remainder when 1380765 is divided by 344828.
1453
Calculate the remainder when 729083 is divided by 7516.
31
What is the remainder when 4148 is divided by 1764?
620
What is the remainder when 3023401 is divided by 16?
9
Calculate the remainder when 4220368 is divided by 23439.
1348
Calculate the remainder when 456636652 is divided by 3715.
3712
Calculate the remainder when 3635300 is divided by 2023.
1992
What is the remainder when 211071 is divided by 4811?
4198
Calculate the remainder when 4944023 is divided by 251.
76
Calculate the remainder when 90378 is divided by 1280.
778
What is the remainder when 37131 is divided by 18219?
693
What is the remainder when 2613892 is divided by 493?
6
What is the remainder when 1841340 is divided by 2601?
2433
What is the remainder when 57994 is divided by 1052?
134
Calculate the remainder when 771053500 is divided by 422.
420
What is the remainder when 813008 is divided by 270979?
71
What is the remainder when 3152448 is divided by 7435?
8
What is the remainder when 11774334 is divided by 773?
771
What is the remainder when 532770 is divided by 234?
186
What is the remainder when 744162 is divided by 1712?
1154
What is the remainder when 1451408 is divided by 4411?
189
Calculate the remainder when 3263441 is divided by 246.
5
What is the remainder when 3782425 is divided by 945604?
9
Calculate the remainder when 9760690 is divided by 447.
445
What is the remainder when 1153146 is divided by 384374?
24
Calculate the remainder when 110942 is divided by 31.
24
Calculate the remainder when 579249 is divided by 2671.
2313
Calculate the remainder when 471627 is divided by 2046.
1047
Calculate the remainder when 2982060 is divided by 91.
81
Calculate the remainder when 657820 is divided by 164451.
16
Calculate the remainder when 155697 is divided by 2877.
339
What is the remainder when 1028700 is divided by 20574?
0
What is the remainder when 1120990 is divided by 10990?
10
What is the remainder when 19735131 is divided by 541?
533
What is the remainder when 4440865 is divided by 4440848?
17
Calculate the remainder when 3061593 is divided by 2135.
3
What is the remainder when 14286872 is divided by 14286866?
6
Calculate the remainder when 301208 is divided by 80.
8
What is the remainder when 8130529 is divided by 49?
8
What is the remainder when 3743426 is divided by 2339?
1026
Calculate the remainder when 5430153 is divided by 3297.
3291
What is the remainder when 353610 is divided by 6425?
235
What is the remainder when 192770750 is divided by 3365?
3360
What is the remainder when 2674355 is divided by 167103?
707
What is the remainder when 45759 is divided by 159?
126
Calculate the remainder when 5212085 is divided by 18.
5
Calculate the remainder when 8531039 is divided by 1706205.
14
What is the remainder when 10066705 is divided by 244?
241
Calculate the remainder when 455680 is divided by 1003.
318
Calculate the remainder when 219050 is divided by 169.
26
Calculate the remainder when 63007 is divided by 23.
10
What is the remainder when 25098 is divided by 3072?
522
What is the remainder when 5677176 is divided by 1892381?
33
Calculate the remainder when 1229123 is divided by 81.
29
Calculate the remainder when 4080515 is divided by 805.
775
Calculate the remainder when 970339 is divided by 88212.
7
What is the remainder when 15730 is divided by 196?
50
Calculate the remainder when 9167820 is divided by 1527969.
6
What is the remainder when 18224247 is divided by 19?
17
What is the remainder when 8057590 is divided by 36?
34
What is the remainder when 1232688 is divided by 31603?
171
Calculate the remainder when 36147619 is divided by 1464.
1459
What is the remainder when 95243837 is divided by 4015?
7
Calculate the remainder when 53213 is divided by 5711.
1814
What is the remainder when 574976 is divided by 9130?
8916
Calculate the remainder when 49536 is divided by 9742.
826
Calculate the remainder when 26565651 is divided by 103.
97
What is the remainder when 745429 is divided by 153?
13
Calculate the remainder when 829459 is divided by 24.
19
What is the remainder when 998481 is divided by 8?
1
What is the remainder when 913043 is divided by 7545?
98
Calculate the remainder when 22627159 is divided by 3432.
3415
Calculate the remainder when 1331458 is divided by 526.
152
Calculate the remainder when 2660127 is divided by 339.
333
Calculate the remainder when 1484590 is divided by 3106.
3028
What is the remainder when 673643 is divided by 327?
23
What is the remainder when 14126 is divided by 5956?
2214
Calculate the remainder when 1142220824 is divided by 1305.
1304
Calculate the remainder when 26998 is divided by 2698.
18
What is the remainder when 3175597 is divided by 396898?
413
Calculate the remainder when 10675629 is divided by 70699.
80
Calculate the remainder when 58829764 is divided by 518.
504
Calculate the remainder when 573405 is divided by 573402.
3
What is the remainder when 11241 is divided by 320?
41
What is the remainder when 912729 is divided by 91?
90
Calculate the remainder when 22835 is divided by 3661.
869
Calculate the remainder when 998242907 is divided by 7954.
7953
Calculate the remainder when 5876034 is divided by 172.
170
Calculate the remainder when 85892 is divided by 21249.
896
Calculate the remainder when 25726761 is divided by 294.
291
What is the remainder when 250343 is divided by 82420?
3083
Calculate the remainder when 16849197 is divided by 12.
9
What is the remainder when 44233 is divided by 2252?
1445
Calculate the remainder when 1463033 is divided by 2244.
2189
Calculate the remainder when 122335 is divided by 11044.
851
Calculate the remainder when 813754 is divided by 133.
60
What is the remainder when 221548 is divided by 10974?
2068
What is the remainder when 1193512 is divided by 2282?
26
Calculate the remainder when 827023 is divided by 235.
58
What is the remainder when 3245374 is divided by 21?
13
Calculate the remainder when 22700494 is divided by 849.
781
Calculate the remainder when 155692 is divided by 77836.
20
What is the remainder when 139520 is divided by 2328?
2168
Calculate the remainder when 813804 is divided by 5261.
3610
Calculate the remainder when 512895 is divided by 1951.
1733
What is the remainder when 4975345 is divided by 236?
229
What is the remainder when 1180372 is divided by 590176?
20
Calculate the remainder when 2622229 is divided by 1311109.
11
What is the remainder when 9420835 is divided by 19?
8
Calculate the remainder when 57423066 is divided by 111.
102
Calculate the remainder when 3481929 is divided by 267818.
295
Calculate the remainder when 27299852 is divided by 1457.
43
What is the remainder when 510060 is divided by 509330?
730
Calculate the remainder when 1036297 is divided by 23028.
37
Calculate the remainder when 11544 is divided by 521.
82
Calculate the remainder when 14308112 is divided by 2861551.
357
Calculate the remainder when 21621 is divided by 245.
61
What is the remainder when 3457821 is divide